{"id":1702,"date":"2025-02-13T01:11:54","date_gmt":"2025-02-13T01:11:54","guid":{"rendered":"https:\/\/paosfuente.com\/?post_type=product&#038;p=1702"},"modified":"2025-08-03T05:55:07","modified_gmt":"2025-08-03T05:55:07","slug":"biodescodificacion","status":"publish","type":"product","link":"https:\/\/paosfuente.com\/?product=biodescodificacion","title":{"rendered":"Biodescodificaci\u00f3n"},"content":{"rendered":"<h3 data-start=\"58\" data-end=\"96\"><strong data-start=\"62\" data-end=\"94\">Sesi\u00f3n de Biodescodificaci\u00f3n<\/strong><\/h3>\n<p data-start=\"97\" data-end=\"153\"><strong data-start=\"97\" data-end=\"151\">Transforma tus desaf\u00edos en oportunidades de cambio<\/strong><\/p>\n<p data-start=\"155\" data-end=\"311\">La <strong data-start=\"158\" data-end=\"180\">Biodescodificaci\u00f3n<\/strong> es una herramienta poderosa que te ayuda a comprender el origen <strong data-start=\"245\" data-end=\"268\">psiconeuroemocional<\/strong> de diferentes aspectos de tu vida, como:<\/p>\n<p data-start=\"313\" data-end=\"464\">\u2728 Enfermedades y s\u00edntomas f\u00edsicos<br data-start=\"346\" data-end=\"349\" \/>\u2728 Baja autoestima<br data-start=\"366\" data-end=\"369\" \/>\u2728 Relaciones t\u00f3xicas<br data-start=\"389\" data-end=\"392\" \/>\u2728 Carencias econ\u00f3micas<br data-start=\"414\" data-end=\"417\" \/>\u2728 Patrones repetitivos y bloqueos emocionales<\/p>\n<p data-start=\"466\" data-end=\"645\">A trav\u00e9s de esta sesi\u00f3n, trabajaremos en <strong data-start=\"507\" data-end=\"558\">desprogramar creencias limitantes inconscientes<\/strong>, transformar la percepci\u00f3n de los conflictos y generar cambios positivos en tu vida.<\/p>\n<p data-start=\"647\" data-end=\"757\">\ud83d\udd52 <strong data-start=\"650\" data-end=\"663\">Duraci\u00f3n:<\/strong> 45 minutos a 1 hora<br data-start=\"683\" data-end=\"686\" \/>\ud83d\udccd <strong data-start=\"689\" data-end=\"703\">Modalidad:<\/strong> Online por Zoom o presencial<br data-start=\"732\" data-end=\"735\" \/>\ud83d\udcb0 <strong data-start=\"738\" data-end=\"748\">Valor:<\/strong> $2.200<\/p>\n<p data-start=\"759\" data-end=\"884\">Cada desaf\u00edo es una oportunidad de evoluci\u00f3n. Descubre c\u00f3mo resignificar tus experiencias y abrirte a nuevas posibilidades.<\/p>\n","protected":false},"excerpt":{"rendered":"<p>Sesi\u00f3n de Biodescodificaci\u00f3n Transforma tus desaf\u00edos en oportunidades de cambio La Biodescodificaci\u00f3n es una herramienta poderosa que te ayuda a comprender el origen psiconeuroemocional de diferentes aspectos de tu vida, como: \u2728 Enfermedades y s\u00edntomas f\u00edsicos\u2728 Baja autoestima\u2728 Relaciones t\u00f3xicas\u2728 Carencias econ\u00f3micas\u2728 Patrones repetitivos y bloqueos emocionales A trav\u00e9s de esta sesi\u00f3n, trabajaremos en desprogramar [&hellip;]<\/p>\n","protected":false},"featured_media":1703,"comment_status":"open","ping_status":"closed","template":"","meta":{"_et_pb_use_builder":"","_et_pb_old_content":"","_et_gb_content_width":""},"product_cat":[15],"product_tag":[],"_links":{"self":[{"href":"https:\/\/paosfuente.com\/index.php?rest_route=\/wp\/v2\/product\/1702"}],"collection":[{"href":"https:\/\/paosfuente.com\/index.php?rest_route=\/wp\/v2\/product"}],"about":[{"href":"https:\/\/paosfuente.com\/index.php?rest_route=\/wp\/v2\/types\/product"}],"replies":[{"embeddable":true,"href":"https:\/\/paosfuente.com\/index.php?rest_route=%2Fwp%2Fv2%2Fcomments&post=1702"}],"wp:featuredmedia":[{"embeddable":true,"href":"https:\/\/paosfuente.com\/index.php?rest_route=\/wp\/v2\/media\/1703"}],"wp:attachment":[{"href":"https:\/\/paosfuente.com\/index.php?rest_route=%2Fwp%2Fv2%2Fmedia&parent=1702"}],"wp:term":[{"taxonomy":"product_cat","embeddable":true,"href":"https:\/\/paosfuente.com\/index.php?rest_route=%2Fwp%2Fv2%2Fproduct_cat&post=1702"},{"taxonomy":"product_tag","embeddable":true,"href":"https:\/\/paosfuente.com\/index.php?rest_route=%2Fwp%2Fv2%2Fproduct_tag&post=1702"}],"curies":[{"name":"wp","href":"https:\/\/api.w.org\/{rel}","templated":true}]}}